 (30 - 29).
27
(2 - 3) + -48 + (35 - 27) - 4
-45
Evaluate 2086 + -2013 + -5 + 9.
77
Evaluate 2 + 2 - 67 - (1684 + -1699).
-48
What is the value of (-6 - -61) + 29 - 166?
-82
What is the value of -7 + (0 + (-8 - -13) - (4 - (-10 - -2)))?
-14
-13 + -5 + 17 + 8 + 13
20
What is the value of 28 + -88 + 53 + (10 - 1) + -40?
-38
-33 - (33 + (-90 - -47))
-23
Evaluate -10 + (-34 - -62) + -98 - (0 - 9).
-71
Evaluate -17 + 19 + 9 + -9 + 4 + -27.
-21
What is the value of (0 - 25) + 3 + (-11 - ((1 - 0) + -16))?
-18
(7 - -143) + (22 - 3) + (-2 - 22)
145
Evaluate -160 + -6 + 66 + 121.
21
Calculate (-12 - -48) + -23 - (-101 + 11).
103
Evaluate -521 + 545 - (-15 + 21).
18
What is (16 - -75 - 34) + -79?
-22
What is (-8 + 36 - -16) + -34 + (0 - -61)?
71
Calculate 17 + -50 + 39 + 41.
47
What is 19 + -14 + (-5 - -9) + 13?
22
What is -137 + (-13 - -74) + 101?
25
What is the value of -55 + 24 + -12 + 96?
53
13 + (-6 + 8 - -8) + 82 + -217
-112
What is (2 - (2 - -11) - (23 - -21 - 46)) + 10?
1
Calculate 13 + (3 - -19) - (-148 - -131).
52
What is (11 - 1 - -2) + (-39 - -23)?
-4
What is the value of 247 + -103 + -286 - -253?
111
Evaluate (24 - 9 - -8 - 4) + 6 + -1.
24
-2 + (14 - 6 - (1 - 1)) - 41
-35
Calculate 83 + -73 + 44 + -144.
-90
What is the value of 5 - 1 - -29 - (393 - 373) - 92?
-79
What is the value of -86 - -67 - (-128 + (-15 - 0))?
124
Evaluate 26 - (68 - 0 - 57).
15
Evaluate -132 + (-107 - -218 - -5).
-16
What is 4 - -5 - 5 - (18 + -4 + 19 + 22)?
-51
What is 19 + (-150 - -23) + (-3 + 22 - 7)?
-96
What is the value of (38 + -18 - 36) + 4 + -8 + -2 + -117?
-139
What is 8 - (29 + -13 + -12 + -21)?
25
Evaluate (503 - 416) + (-3 + -42 - -7).
49
Evaluate -10 + 181 + -200 + (0 - 5).
-34
What is the value of 18 + (-2 - -88) + (-28 - -11) + (0 - -2)?
89
(6 - 15) + (112 - 91) - -9
21
Calculate 15 - (-11 - ((12 - (-18 + 48)) + -16)).
-8
Evaluate 42 + ((0 - -2) + -3 - (1692 - 1680)).
29
Evaluate (-97 - (-40 + 34)) + 64.
-27
Calculate 74 - (-27 - (-21 - -18 - -4 - 19)).
83
Evaluate 3 - (-34 - (27 + -57)).
7
What is -47 - (-95 - -67) - -30?
11
Evaluate 13 + (-13 - -3 - 12) + 10.
1
What is (1 - -5) + 4 - (17 - 35 - -52)?
-24
What is the value of -17 - ((-4 - -2) + -5 - (50 - 46))?
-6
-1 + (10 - 2) + (-6 - -13) + 57
71
What is 422 + -821 + 409 + (1 - (85 - -1))?
-75
Evaluate (13 - 132) + 22 - 34.
-131
(41 + -18 - 12) + (-5 + 9 - 14)
1
What is the value of -32 - (-34 - (-41 + 113))?
74
Evaluate (-12 - (8 - (-10 - -16) - 6)) + -11.
-19
Calculate 14 + 2 + 49 + -136.
-71
What is the value of (-44 + 11 - -8 - -23 - -16) + (-156 - 1)?
-143
Calculate (3 - (0 - 13)) + -53 + (-4 - -19) - -13.
-9
What is the value of 155 + -122 + (1 - 198 - -20)?
-144
What is -51 + 79 + 20 + -16 + -28?
4
What is the value of 3069 + -3036 + (-48 - 2) - (1 + -1 + -2)?
-15
0 + 25 - (5 + -13 + (18 - 3) + -10)
28
What is the value of -26 + 115 + 13 + -13 + 1 + 20?
110
What is -130 + 89 + (17 - 30) + (-6 - -9)?
-51
-89 + (-49 - -87 - -45)
-6
4 - (0 + -12 + 4 - -13) - (7 + 4)
-12
-12 + -11 + 29 + 76 - 6
76
What is the value of -8 + (-8 - -40 - 14) + -12 + -3?
-5
Evaluate 160 + (-113 - (89 + -95)).
53
Evaluate -84 + 60 + (9 - 19).
-34
What is 3 + 24 + -10 + -5 + 5 + 10?
27
What is the value of -120 - (-33 + -35 + 10)?
-62
What is -560 + 393 + -1 + 88?
-80
What is the value of 40 + -9 + 6 + -3 + 15 + (17 - 22)?
44
What is 31 + -111 + 103 + -55?
-32
(-128 - -58 - -65) + (5 - -20)
20
Calculate 35 + -22 + (-14 - 11 - -26).
14
What is the value of -6 - (-20 - 77) - 28?
63
What is (0 - -1) + (-83 - 0) + 1091 + -1105?
-96
Calculate 4438 + -4359 + (-64 - 2).
13
What is 17 - (-26 - ((16 - 1) + 218 + -229))?
47
Calculate (82 - 225) + 149 + (0 - -1 - -55 - 0).
62
What is 3 - (-6 + -3 - (-47 + -1 + (0 - -2)))?
-34
7 + (0 + 0 - (-25 + 86 + -35))
-19
Calculate 12 + (-18 - (-9 - (1 + -3 - 1)) - -18).
18
What is the value of 45 - 277 - (-34 - 86)?
-112
What is 27 + 0 - 0 - (-22 + -5 + 31)?
23
Evaluate -50 + (96 - (154 - 61)).
-47
Evaluate (-123667 - -123653) + (-1 - ((-2 - -2) + -2)).
-13
Calculate -11 - (-31 - (-25 - (10 + -20))) - (-2 + 13).
-6
What is the value of -10 + -46 + 38 - (-9 + 5 - -63)?
-77
22 + -25 - -98 - (5 + (7 - -4))
79
What is the value of -7687 + 7677 + (1 - 1 - -19)?
9
(-40 - -1) + 108 + -114
-45
What is 123 + -102 + (-129 - (4 - 9)) - (-12 + 0)?
-91
What is the value of 176 + -181 + (-3 - 14) - (-109 + 3)?
84
What is (-189 - (-292 + 80)) + 8 + -1?
30
30 + -32 + 25 + -2 - (10 - -3)
8
What is 122 - 135 - (-1 - 4)?
-8
Calculate 79 - -31 - (-3 - -60).
53
23 - (107 + -70) - (0 - (5 + 100))
91
Evaluate -84 - (-124 - -84 - 105).
61
What is -2 + 51 - (5779 - 5806)?
76
44 + -4 + (15 - 25)
30
Evaluate (27 - (9 - (1 + -32))) + (3 - -7).
-3
Evaluate 3 - (-11 - -10) - (-6 - (-3 + -3)).
4
What is 18 - (-20 - -88 - 16) - (4 - -2)?
-40
-164 + 366 - (14 + 117)
71
Calculate -21 + 6 - ((0 - (66 - -17)) + -15).
83
Calculate 0 - 0 - (47 + -38 - (14 + 4)) - 77.
-68
What is 1 + -7 + (31 - (-13 + 63))?
-25
10 + 6 + -7 + -8 + (10 - -4 - 3)
12
Evaluate 87 - (5 + -8 + 12) - 16 - -16.
78
(-34 - -17) + (-67 - -83)
-1
Evaluate 1 + 2 + -2 + 72 + (-39 - -8 - -22).
64
What is the value of (-50 + 27 - -5) + -1 + -1 + (-1 - -12)?
-9
What is -1 + 62 + (-11 + 2 - 5 - -2)?
49
What is the value of 92 + (14 - 68) - (2 + 0)?
36
Evaluate 5 - 16 - (-114 + 93).
10
(7 - (0 + -2)) + -10 + (21 - -49)
69
-14 - (51 - (-1 + 32 - (35 - 22)))
-47
Calculate 80 - -57 - (-52 + 150).
39
What is the value of -12 - (-5 + (5 - 26)) - (-2 + 45)?
-29
Calculate -67 - (-10 + 19 + -77 + 45 + (34 - 0)).
-78
-3 + 3 + 2 - (-5 + (26 - (-35 + 31)))
-23
Calculate 80 + -52 + 82 + -51.
59
What is the value of -45 - (-11 + -50 - -41)?
-25
What is the value of -71 - (-26 + (-20 - (-47 - -20)) + 21)?
-73
Evaluate -3 - (17 + -27) - -15.
22
Evaluate -54 + 60 - (-6 + 5 - -12) - -127.
122
8 + -21 + 5 - (3 - (-10 - 3))
-24
Calculate -44 - (-36 + 25) - (-10 - 17).
-6
What is the value of -118 - (84 - (25 + 81))?
-96
-246 - -70 - -91 - -151
66
(9 - (-2 - -11)) + 4 + 3 - -31
38
Evaluate -48 + 65 + (-12 - 2) - -12.
15
8 + -5 - 117 - ((3 - -21) + -28)
-110
Calculate 151 + -63 + -62 + 12.
38
What is -88 - (-65 + (56 - 32))?
-47
Evaluate -6 + 73 + (0 - (10 - (26 - 21))).
62
What is -21 + (-239 - -249 - (-5 - -82))?
-88
Calculate 9 + (32 - (12 - 4)) + -103.
-70
What is the value of -14 - 1 - (-145 + 107 + 83 + -11)?
-49
(-29 - 1) + (1564 - 1531)
3
Evaluate (-38 - ((-19 - -49) + -28)) + 52.
12
Calculate -18 + 150 + -11 + (2 - 7) + 1.
117
-12 - (-33 + 3 - (16 - (11 - (27 + -26))))
24
What is the value of (-10 + 7 - -5) + -6 + 3?
-1
What is 21 + 5 + 6 + 30 + -23?
39
Calculate -5 + -46 + 50 + -5.
-6
What is -18 + (-7 - (4 - (14 - (-20 + 58))))?
-53
What is the value of (63 - (98 - 49)) + 122?
136
What is 2 + 0 + (28 + (-34 - -26) - 10) - -18?
30
What is the value of 1 - -1 - (0 + -39 - -75)?
-34
What is (19 - (84 + -22)) + 5 + (4 - 24)?
-58
Evaluate 1 - -54 - (22 - (-17 - (-29 + 3))).
42
What is (6 + 5 + -3 - 20) + 5 - 58?
-65
Evaluate -5 + (-3 - (6 - (17 + 1)) - 40) + 13.
-23
What is (52 - 49) + -25 + 0 + 48?
26
What is 1 + -12 - -7 - (-27 - -8)?
15
Evaluate -7 - 0 - ((17 - -1) + -12 + (-49 - -37)).
-1
What is 27 + -61 + 50 + -24?
-8
What is 7 + 1 - -2 - (-72 + (24 - (15 - 1)))?
72
What is -9 - (28 + 9 + -4 + 1) - -3?
-40
Calculate (28 - (-2 + (-5 - (3 + -12) - -4))) + 6.
28
What is the value of (-18 + 35 - -33) + -9 + -2 + 8?
47
Calculate (7 + -45 - (0 + 4)) + 9 + 1.
-32
What is the value of 0 - -4 - (47 - (-83 - -136))?
10
What is (-18 - -30) + -10 - (10 + -1) - (-205 - -55)?
143
Calculate -16 - -26 - (17 + -25).
18
Calculate 151 + ((-2 - 10) + 23 - 10).
152
What is 10 + (6 - (18 + 12)) + (73 - 21)?
38
What is 57 + -6 + (50 - 49) + -16?
36
Evaluate 332 + -323 + (-56 - (-3 - -7 - 6)).
-45
What is -9 - (22 + (-3 - (-1 + 14)) + -5 + -1)?
-9
Calculate 103 + -70 - -3 - ((-10 - 2) + 3).
45
What is the value of 16 - (65 + -86 + 18)?
19
What is -783 - -758 - (-11 + -10)?
-4
Calculate 1 - -3 - ((-59 - 75) + 116 + 0 + 59).
-37
229 - 227 - (22 + -4)
-16
-13 + (-9 + -2 + 2 - (46 - 16 - 16))
-36
-77 - (15 - ((23 - 26) + 32))
-63
Evaluate 21 - (30 + -21 - -26) - (-7 - 0).
-7
What is (-1 + 13 - (-32 - -34)) + -1 + 21?
30
Calculate 8 + (7 - 31) + -19 + 9.
-26
55 - 1 - (-414 - -437)
31
What is 62 + (